c) = 3*c - f*c**2 + 6*c**2 - 3*c. Let l(b) = b - 4. Let u be l(3). Determine w(u).
2
Let x(p) = p - 1. Let a(t) = -5*t + 1. Suppose 5*z = -j - 4*j - 10, -5*j - 37 = -4*z. Let r = 2 - z. Let u(w) = r*a(w) - 4*x(w). Give u(-5).
-2
Suppose 25 = 3*i + f, -5*i - 4*f + 39 = -5. Let r(u) = -u**3 + 9*u**2 - 7*u - 3. Calculate r(i).
5
Let y(j) be the third derivative of j**4/24 - j**3/2 - 18*j**2. Calculate y(6).
3
Let b(i) = i + 12. Suppose 5*u + 25 = -4*m, 5*m = 3*u - 2*u + 5. What is b(u)?
7
Let r(l) = l**3 + 2*l**2 + 1. Suppose 5*g - 15 = -j, 0 = -2*j - 0*j - g + 12. Suppose 5*s + 1 = -3*d, 5*s = -5*d - 0*d - j. Determine r(d).
1
Suppose -q - 5*z = 28, -6*q + 3*q - 34 = 5*z. Let r(b) = -2*b. Determine r(q).
6
Let k be ((-2)/24)/(5 + -6). Let a(s) be the third derivative of -1/60*s**5 - 1/2*s**3 + k*s**4 + 0*s + 0 + 2*s**2. What is a(3)?
-6
Let w(u) = -u**2 + 6*u - 4. Let t be (30/(-5))/((-6)/4). Determine w(t).
4
Suppose 5*c + 13 - 3 = 0. Let o = -1 - c. Let t(x) be the second derivative of x**5/20 - x**3/3 + x**2/2 - 9*x. Calculate t(o).
0
Suppose 6*u - 30 = u. Let l(m) = m**3 - 7*m**2 + 4*m + 1. Give l(u).
-11
Let m(j) = j + 2. Suppose 2*o + 15 = -3*o. Let r be 0/(-2) + (-9)/o. Give m(r).
5
Let b(k) = -k**3 - 5*k**2 + 4*k - 4. Suppose 0 = -8*f + 4*f - 24. What is b(f)?
8
Let c(o) = o**2 - 5*o + 7. Suppose 8*q + 25 = 5*b + 3*q, 9 = b + 3*q. Let l = -14 - -20. Let w be 3/b - (-27)/l. What is c(w)?
7
Suppose 5*h + p = 47, 3*h - 5*p - 17 = -0*h. Let j = -4 + h. Let o(x) = 2 - 2*x + x + 1. Calculate o(j).
-2
Let i(k) be the third derivative of k**6/120 - k**5/15 + k**4/6 - k**3/3 - 26*k**2. Give i(3).
1
Let t(c) = c**3 + 3*c**2 - c + 3. Suppose -3*k - 2*k - 21 = -2*o, -2*o + 3*k = -15. Suppose 5*d + 10 = y, 6*y - o*y = -4*d - 8. Let r = y + -3. Give t(r).
6
Let c(a) = 1 - 19*a**3 - 15*a**3 - 16*a**3 + 59*a**3. Give c(1).
10
Let f = 386 - 381. Let q(y) = -y. Let s(b) = 4*b + 2. Let l(z) = 3*q(z) + s(z). Determine l(f).
7
Let j(r) = 6*r**2 - r**3 - 7*r + 0*r**2 + 5*r - r - 4. Give j(5).
6
Let o = 23 - 14. Suppose -3*t + 3 = o. Let r(c) = -2*c**2 - 2*c. What is r(t)?
-4
Let r(h) = 2*h - 1. Let c(w) = -11*w + 6. Suppose 2*u - 140 = -4*z + 6*u, -3*z + 2*u + 104 = 0. Let d(f) = z*r(f) + 6*c(f). Give d(2).
6
Let q(l) be the third derivative of -l**6/120 - l**5/15 - l**3/2 + 3*l**2. Suppose -c + 5 = -v - 2, 0 = -v - 3*c - 23. Let f = v - -7. Calculate q(f).
-3
Let j(r) = -r - 13. Let w be j(0). Let k = -8 - w. Let u(h) = 13*h**2 - 5*h - 2. Let v(s) = 19*s**2 - 8*s - 3. Let p(i) = k*v(i) - 8*u(i). Determine p(1).
-8
Let t(k) = -3*k + 6. Let y(f) = -8*f + 17. Let x(m) = 17*t(m) - 6*y(m). Determine x(2).
-6
Let h(l) = -10*l**2 + 60*l - 4. Let n be h(6). Let b(y) = -2*y**2 + y + 3. Let a(o) = -o**2 + 2*o + 2. Let t(j) = -4*a(j) + 3*b(j). Determine t(n).
-11
Let i(j) = -2*j + 2. Let k(q) = q**3 - q**2 + 5. Let u(m) = -m**2 - 13*m - 12. Let a be u(-12). Let y be k(a). Give i(y).
-8
Let p = -6 + 16. Let j(y) = -10 + 3*y**2 - y**3 + 3 - 7*y - p*y**2. Let t(u) = -3*u**3 - 42*u**2 - u - 20. Let b be t(-14). Calculate j(b).
-1
Let c(f) be the first derivative of 6 - 3/2*f**2 - 1/3*f**3 + 4*f. Determine c(-4).
0
Let h(o) = -o**3 - 5*o**2 + o - 7. Let f = -55 + 91. Suppose 0 = 3*g + 4*w - 1 + f, 0 = -5*g + 5*w. Calculate h(g).
-12
Let c(s) be the second derivative of -s**4/12 + s**3/2 - 3*s**2/2 - s. Let z be (12/(-10))/((-2)/40). Suppose 3*y + 5*h - z = 0, -y + 5*h = y + 9. Give c(y).
-3
Let o(p) be the third derivative of -1/360*p**6 + 0 + 0*p + 2*p**2 + 1/20*p**5 - 5/24*p**4 - 1/3*p**3. Let d(u) be the first derivative of o(u). What is d(5)?
0
Let x(q) = q**2 + 5*q. Suppose -5*b + 4*b = -z - 1, -2*z - 5*b - 30 = 0. Calculate x(z).
0
Let z(a) be the third derivative of -a**9/12096 + a**7/5040 + a**6/720 + a**5/60 - 5*a**2. Let k(s) be the third derivative of z(s). Give k(-1).
5
Let s(o) = -o**2 + 9*o - 3. Let a be (-91)/(-3) - 3/9. Suppose 4*j - a = 2. Give s(j).
5
Let y(p) = p**2 + 2*p - 1. Let s(o) = o**2 - 5*o + 1. Let q be s(5). Suppose r + q = -1. Let n be y(r). Let v(c) = -9*c**2 - 2*c - 1. Calculate v(n).
-8
Let f(c) = -c - 1. Suppose -28 = -5*y + 3*s, -3*y + 3 = 2*s - 10. Suppose 0 = -4*k + y + 11. Give f(k).
-5
Let z(j) be the first derivative of j**3/3 - 2*j**2 + 6*j - 2. Let n = 1 + -7. Let x = n + 10. Give z(x).
6
Let x(f) = 10*f**3 + f**2 - f + 1. Let o(p) be the second derivative of p**5/20 + p**3/6 - p**2/2 - 3*p. Let b(l) = -2*o(l) - x(l). Determine b(1).
-13
Let u(k) be the first derivative of k**3/3 + 3*k**2 - 5*k + 1. Give u(-6).
-5
Suppose -4*z + 5 = z. Suppose -11 - z = 2*m. Let u(c) = -c**2 - 4*c + 6. Calculate u(m).
-6
Let c(n) = -n**2 - n - 3 + 5 - 3 + 5*n. Determine c(3).
2
Suppose q - 4*a = 20, 3*q - 8 = -4*a + 3*a. Let p(r) = -5*r - q + 3*r + 3*r. Let u be -15 + 25 + -1 + -4. Calculate p(u).
1
Let t(c) = c**3 - 2*c**2 - 3*c**2 + 7*c - 6*c**2 - 6 + 3*c**2. Calculate t(7).
-6
Let t(h) = -h + 7. Let s be t(7). Let a(g) = -g + 0*g + s*g + 0*g. Let w be (-12)/(-5) + 8/(-20). Give a(w).
-2
Let m = 7 - 6. Let j = m - -2. Suppose -8*a + 4*u = -5*a - 16, 2*a + j*u + 12 = 0. Let i(o) = -o**3 + o + 3. What is i(a)?
3
Let q(y) = -4*y + 4 - 5 - 2*y + 5*y. Let o(h) = 21*h - 3. Let g be o(2). Suppose g = -5*s + 3*c, 2*s + 2*s = -3*c - 15. What is q(s)?
5
Let q = -6 - -10. Suppose 3*k + 8*c + 4 = q*c, -4*c - 28 = -3*k. Suppose k*o - 12 = 4*a, -3*a + 3 - 4 = o. Let p(z) = -2*z + 3. Determine p(o).
-1
Let m(y) = -4*y - y + 4*y + 2. Suppose -j = 3*k - 13 + 32, -j - 5*k - 27 = 0. Let x(r) = -r**2 - 7*r - 2. Let a be x(j). What is m(a)?
4
Let p(k) = k + 11. Let q be p(-8). Let u(t) be the second derivative of 3*t + 1/6*t**q + 1/2*t**2 + 0 + 1/12*t**4 - 1/10*t**5. Give u(-1).
3
Let d(k) be the first derivative of k**3/3 + k**2/2 - 1. Let y(m) = m + 16. Let w be y(-15). Calculate d(w).
2
Let l(f) = 4*f**2 + 3*f + 9. Let t(a) = 4*a**2 + a**2 + 0*a - 1 - 6*a**2 + a. Let y(b) = -l(b) - 3*t(b). Determine y(-5).
-1
Let s(u) = u + 3. Let j be s(-6). Let b(t) = -t. Let x(m) = m**2 + 8*m - 1. Let o(y) = -6*b(y) - x(y). Give o(j).
-2
Let d(p) = 3*p - 3. Let r(l) = -l + 1. Let t(c) = 4*d(c) + 11*r(c). What is t(5)?
4
Let q(b) be the first derivative of -b**4/4 - 2*b**3 - 3*b**2 + 5*b + 1. Suppose -1 = f + 4. Determine q(f).
10
Let c(d) = -3*d + 3. Let n(w) = 0*w**2 - w + 1 - w**2 + 8*w - 5. Let x be n(6). Suppose t = x*a + 6*t - 4, 4*a - 3*t = 8. Give c(a).
-3
Let w(a) = a**2 - 2*a. Suppose 5*n - 10 = -0*n. What is w(n)?
0
Let z = -5 - -4. Let d(g) = -1 + 2*g - 5*g**3 - 3*g**3 - g**2 - g - 3*g. Determine d(z).
8
Let n(p) = -p**2 - 3*p - 2. Let q(h) = -4*h**2 - 13*h - 9. Let y(o) = -9*n(o) + 2*q(o). Suppose -5*s + 1 + 4 = 0. What is y(s)?
2
Let q(x) = 3*x**2 + 3*x + 1. Let m be 11/(-4) + 3 - 18/8. Determine q(m).
7
Let a(t) = -t. Suppose 2*b = b + 2. Let i be a(b). Let o(n) be the third derivative of n**6/120 + n**5/60 - n**4/24 + n**3/3 + 2*n**2. Determine o(i).
0
Let n = 1 + 6. Let h(d) = 2 - d**2 - 6 - 2*d + 4 + n. Give h(-5).
-8
Suppose 11 - 5 = -l. Let v(f) = -5*f - 3*f**2 - 4*f**2 - f**3 + 0*f**2 - 1. Determine v(l).
-7
Suppose -c - 25 = 4*c. Let m(h) be the first derivative of -h**3/6 - h - 1. Let j(o) be the first derivative of m(o). Determine j(c).
5
Let d(u) = u + 5. Let c be d(0). Let a = c - 3. Let f(s) = -s**3 + 3*s**2 - s + 1. Determine f(a).
3
Let j(y) be the second derivative of y**6/360 - y**4/2 + y. Let d(w) be the third derivative of j(w). Let b be 4/(-4)*-1*3. Determine d(b).
6
Let r(t) = -t + 2. Let a be r(-2). Let o(l) be the second derivative of -l**5/20 + l**4/3 - l**3/6 - 5*l**2/2 - l. Give o(a).
-9
Let r(h) = 3*h - 17. Let k be r(6). Let s(p) = p**3 - k + 1 - 8. Suppose -2 = 2*u - 4*u - w, -u = -2*w + 4. Calculate s(u).
-8
Let q = 8 + -3. Suppose 3*b - 31 = -5*t, 3*b + q*t = 2*b + 27. Let j(w) = -b*w**2 + w**3 + w**2 - w**2 - 3 - 2*w + 0*w**2. Calculate j(3).
0
Let s = -116 - -118. Let n(b) = -9*b - 1. Calculate n(s).
-19
Let m(d) = -2*d. Let w(s) = s - 5. Let h be w(4). What is m(h)?
2
Let m(s) = s - 3. Let z be m(6). Let k(t) = -2 + z*t + 0 - 2 + 5*t**2 + t**3. Give k(-4).
0
Let h(v) = -5*v**2 - 3*v - 1. Let t(k) = -14*k**2 - 8*k - 3. Let i(a) = 11*h(a) - 4*t(a). Give i(3).
7
Let u(r) = -3*r + 5. Let v(k) = 2 + 0*k - 3*k + k. Let n(i) = -3*u(i)